ivisor of 222 and l.
74
Suppose a = -5*c + 4*a + 59, 16 = c - 2*a. Let j(x) = x**3 + x**2 - x + 54. Let g be j(0). Let t = g + -50. What is the greatest common divisor of c and t?
2
Suppose -324*d + 320*d = -336. Let g be 216/14 - d/196. Calculate the greatest common divisor of 35 and g.
5
Suppose 0*n - 2*q + 26 = -4*n, -4*n - 29 = -5*q. Let k be (-723)/n - (-6)/(-1*12). What is the highest common divisor of k and 48?
24
Let c = -20 + 139. Let j = -13710 + 13717. Calculate the greatest common divisor of c and j.
7
Let q(h) = -15*h - 57. Let z be q(-5). Suppose 2200 = z*o + 7*o. Let t = -7 - -18. What is the highest common divisor of o and t?
11
Let u(o) = 2*o + 64 - 7*o - 16*o - 43 + 5*o**2. Let q be u(4). What is the highest common divisor of q and 425?
17
Let p(y) = 4*y + 5*y - y - 7*y - 9. Let i be p(10). Let b be 1/(((-10)/14)/(-5)). What is the highest common divisor of i and b?
1
Suppose -4*j - 5*r = -122, 2*j + r - 70 = 3*r. Let v be (8/20)/((-1)/(-20)). Let u = -5 + v. What is the highest common divisor of u and j?
3
Suppose 8 - 2 = 2*f. Let i be -2*14/(-4) - f. Let y(p) = p**3 + 19*p**2 + 34*p + 10. Let g be y(-17). Calculate the highest common factor of g and i.
2
Let z be (-5)/35 + 4335/357. What is the greatest common factor of 236 and z?
4
Let u(k) = 8*k + 11 - 10*k - 4. Let z be u(-5). Suppose 2*n = -4*q - 235 + 673, -659 = -3*n - 4*q. What is the greatest common factor of n and z?
17
Let h = 227 - 107. Let s be (200/14)/(6 + h/(-21)). Calculate the greatest common divisor of 150 and s.
50
Let q(i) = i**3 + 3*i**2 - 4*i + 4. Let t be q(-3). Suppose 2*k + 4*y = 16, 0*y - t = -2*k + 2*y. Calculate the greatest common divisor of k and 40.
8
Let b be 2/(-9)*4/8 + 4763/99. Let v = 3 + 5. Suppose v = -3*q + 44. What is the greatest common factor of q and b?
12
Let n(x) = -74*x - 234. Let b be n(-5). Let q be (-32)/6*3*-1. Calculate the greatest common factor of q and b.
8
Let h = 272102 + -271082. Suppose -4*v + 347 = 107. Calculate the highest common divisor of h and v.
60
Let n(m) = -206*m - 1326. Let c be n(-8). Calculate the highest common divisor of 1541 and c.
23
Let a be 0*((-2)/2 - -2). Suppose a = -u - 7 + 2. Let t be 0/(-1) + (u - -2 - -11). What is the highest common factor of 16 and t?
8
Suppose m = 3*f + 3*m - 4, -5*m - 36 = -4*f. Let p be (-5 - 14/(-126))*-9. Let y be p/(3/6*f). What is the highest common factor of y and 176?
22
Suppose -l = -2*y + 5, 2*y - 4*l + 33 = 23. Let z(u) = u**2 + 3*u - 39. Let f be z(-19). Calculate the highest common factor of y and f.
5
Let r be (-1)/(-3) + (-298)/(-6). Let h be (8 - -10) + -3 - -4. Suppose -h*p = -710 + 235. Calculate the highest common factor of p and r.
25
Let u(y) = 3*y**2 - 26*y + 235. Let h be u(9). Suppose -h - 449 = -11*r. Calculate the highest common factor of r and 168.
21
Suppose 2*d - 20*d = -324. Suppose 2*y + d = -0*g + 2*g, g - 4*y = 3. Calculate the highest common factor of g and 2.
1
Let x(c) = c**3 + 13*c**2 - 93*c + 12. Let w be x(7). Calculate the greatest common factor of w and 55.
11
Suppose 0 = -3*v + 4*m + 541, -18 = -2*v - 4*m + 336. Suppose 255 = 14*a - v. Calculate the greatest common factor of a and 124.
31
Let s = 74 - 23. Suppose 0*a + 3*a + 5*z + 30 = 0, 5*a = -3*z - 50. Let n = a - -44. What is the greatest common divisor of n and s?
17
Let n be (5 - (-1 - -5)) + (-7)/(-1). Let p = 17 - n. Suppose 2*y - 117 - 81 = 0. What is the greatest common divisor of y and p?
9
Let b be (-26 - 2)*198/77. Let n = 138 - b. Calculate the highest common divisor of n and 126.
42
Let f = 32329 - 32325. Suppose 3*g - 5 - 1 = 0. Suppose g*u - 6 = u. What is the greatest common factor of u and f?
2
Suppose 0 = 5*b + 5*o + 25, -4*o = -0*b - 5*b - 61. Let r = b + 15. Let c(l) = 1178*l - 14124. Let i be c(12). Calculate the highest common factor of r and i.
6
Let c be -6 - (-13 + 3 + 3). Let o be c*(-5)/10*-2*24. Calculate the greatest common divisor of o and 30.
6
Suppose 0 = 5*t - 2*t - 51. Suppose -19*z = -t*z - 82. Suppose 0 = -d + 59 - z. Calculate the greatest common factor of d and 12.
6
Let a(u) = 42*u**2 - 37*u - 54. Let d be a(-22). What is the greatest common factor of 32 and d?
32
Let n = 7854 + -7728. Suppose 3*d + 0*d = 108. What is the greatest common factor of n and d?
18
Suppose 4*a + 2*m = 14, a + 2*m = 9 + 2. Let f be (1820/(-12))/1 - (-6)/(-18). Let w = f + 160. Calculate the greatest common factor of w and a.
1
Let a(s) = -18*s**2 - 5*s + 43. Let w(y) = -52*y**2 - 15*y + 128. Let n(h) = 8*a(h) - 3*w(h). Let o be n(8). Calculate the greatest common factor of o and 96.
96
Let j be ((-2 - -2)/(-2))/(-2). Let l(t) = -t + 2. Let a be l(j). Let f be 1*(14/(-77) - 13/(-11)). What is the highest common divisor of a and f?
1
Let d(o) = o + 15. Let a be d(0). Let w be (-1368)/(-16) - a/6. Suppose -12*n + 61 = -w. Calculate the greatest common factor of n and 84.
12
Let r(x) = 2*x - 105. Let k be r(-8). Let c = k + 126. Calculate the greatest common divisor of c and 55.
5
Suppose -18*t + 77*t - 48356 = 10349. Calculate the greatest common factor of 6766 and t.
199
Suppose 0 = -26*r + 10700 - 2926. Let f = 10 + 13. Calculate the highest common factor of f and r.
23
Suppose 2*m = 50 - 14. Suppose -56*k + 47573 + 20755 = 17*k. What is the highest common divisor of k and m?
18
Suppose -5*r = -95*i + 90*i + 175, -61 = -i - r. Let o = 105 + -73. Calculate the highest common divisor of i and o.
16
Let p = 4444 - 2512. What is the greatest common factor of 207 and p?
69
Let c(j) = 11*j + 332. Let z be c(-25). Calculate the greatest common divisor of z and 3021.
57
Let p = 41 + 55. Suppose -8*v - 272 = -1424. Calculate the highest common divisor of v and p.
48
Let p(k) = 3*k**2 - 5*k - 2. Let i be p(-6). Suppose -297 = 13*x + 639. Let q = -55 - x. Calculate the greatest common divisor of q and i.
17
Let h(q) = q + 5. Let l be h(-2). Suppose b = -5*z + 105, b - l*z - 115 = 2*z. Let i be (-218)/(-10) - (-1)/5. Calculate the greatest common divisor of i and b.
22
Let r(f) = 6*f**2 - 8*f + 37. Let y(d) = 4*d**2 - 3*d + 18. Let s(t) = -3*r(t) + 5*y(t). Let g be s(-7). What is the highest common divisor of g and 378?
14
Suppose 0 = -0*p + p - 770. Let f = 4401 - 4379. Calculate the highest common divisor of f and p.
22
Suppose -4*h + 4272 = -5*g, 4*h + 11*g - 8*g - 4240 = 0. Suppose 25*l + 363 = h. What is the highest common factor of 322 and l?
14
Suppose -8*w - 80 = -6*w. Let g be 2/(-5) - 416/w. Let j = 99 - 49. What is the greatest common divisor of g and j?
10
Let o = 231 + -143. Suppose -14*m - 19 = -75. Let t be 3 - (-338)/18 - m/(-18). What is the highest common divisor of o and t?
22
Let i = -21 + 18. Let w be 194 + (0 - 3)/i. Let b = 1502 - 1424. What is the highest common divisor of b and w?
39
Let l = 26098 - 26023. What is the greatest common factor of l and 1485?
15
Suppose 3*z - 198 = 7*z - 226. Calculate the greatest common divisor of z and 2191.
7
Suppose -17*b - 13125 = -51103. Let p = b + -1268. What is the highest common factor of p and 42?
42
Suppose 353 - 83 = 15*p. Let l(q) = 2*q**2 - 4*q + 2. Let d be l(2). Let g be ((-108)/(-8))/(d/8). What is the highest common factor of p and g?
18
Let p(a) be the first derivative of -5*a**2/2 - 44*a - 38. Let u be -3*(-1)/(3/(-10)). Let c be p(u). What is the highest common factor of 3 and c?
3
Suppose 0 = 247*y - 251*y + 172. Let f be 1/(4 + y/(-11)). Calculate the greatest common divisor of 22 and f.
11
Let t be (-15 - -1)*2*-2. Suppose z - t = -z. Suppose -2*p = x - 60, -4*x + 125 + 52 = p. Calculate the highest common factor of x and z.
14
Let s(q) = 2*q**2 + 20*q + 6. Let m be s(-9). Let h be ((-2)/6)/((4/m)/1). Let t be (9*((-4)/(-12) - -1))/h. What is the greatest common factor of t and 12?
12
Let j = 30120 + -4428. Calculate the highest common divisor of 12 and j.
12
Let z = -3 - -2. Let k(l) = -18*l. Let b be k(z). Let o be (-432)/10*21570/(-5752). What is the highest common divisor of o and b?
18
Suppose w + 3*i = 225, -4*w = 4*i - 7*i - 1005. Calculate the highest common divisor of w and 205.
41
Suppose -2*d - 153 - 169 = -2*n, 2*n + d = 334. Suppose -4*o = -0*o + 424. Let b = 121 + o. What is the greatest common factor of b and n?
15
Let z be (1 + -3)/(5/((-25250)/20)). What is the greatest commo